Καταγραφές τύπου NOAA


2021: Ιανουάριος|Φεβρουάριος|Μάρτιος|Απρίλιος|Μάϊος|Ιούνιος|Ιούλιος|Αύγουστος|Σεπτέμβριος|Οκτώβριος|Νοέμβριος|Δεκέμβριος
2020: Ιανουάριος|Φεβρουάριος|Μάρτιος|Απρίλιος|Μάϊος|Ιούνιος|Ιούλιος|Αύγουστος|Σεπτέμβριος|Οκτώβριος|Νοέμβριος|Δεκέμβριος
2019: Ιανουάριος|Φεβρουάριος|Μάρτιος|Απρίλιος|Μάϊος|Ιούνιος|Ιούλιος|Αύγουστος|Σεπτέμβριος|Οκτώβριος|Νοέμβριος|Δεκέμβριος
2018: Ιανουάριος|Φεβρουάριος|Μάρτιος|Απρίλιος|Μάϊος|Ιούνιος|Ιούλιος|Αύγουστος|Σεπτέμβριος|Οκτώβριος|Νοέμβριος|Δεκέμβριος
2017: Ιανουάριος|Φεβρουάριος|Μάρτιος|Απρίλιος|Μάϊος|Ιούνιος|Ιούλιος|Αύγουστος|Σεπτέμβριος|Οκτώβριος|Νοέμβριος|Δεκέμβριος
2016: Ιανουάριος|Φεβρουάριος|Μάρτιος|Απρίλιος|Μάϊος|Ιούνιος|Ιούλιος|Αύγουστος|Σεπτέμβριος|Οκτώβριος|Νοέμβριος|Δεκέμβριος
2015: Ιανουάριος|Φεβρουάριος|Μάρτιος|Απρίλιος|Μάϊος|Ιούνιος|Ιούλιος|Αύγουστος|Σεπτέμβριος|Οκτώβριος|Νοέμβριος|Δεκέμβριος
2014: Ιανουάριος|Φεβρουάριος|Μάρτιος|Απρίλιος|Μάϊος|Ιούνιος|Ιούλιος|Αύγουστος|Σεπτέμβριος|Οκτώβριος|Νοέμβριος|Δεκέμβριος
2013: Ιανουάριος|Φεβρουάριος|Μάρτιος|Απρίλιος|Μάϊος|Ιούνιος|Ιούλιος|Αύγουστος|Σεπτέμβριος|Οκτώβριος|Νοέμβριος|Δεκέμβριος
2012: Ιανουάριος|Φεβρουάριος|Μάρτιος|Απρίλιος|Μάϊος|Ιούνιος|Ιούλιος|Αύγουστος|Σεπτέμβριος|Οκτώβριος|Νοέμβριος|Δεκέμβριος
2011: Ιανουάριος|Φεβρουάριος|Μάρτιος|Απρίλιος|Μάϊος|Ιούνιος|Ιούλιος|Αύγουστος|Σεπτέμβριος|Οκτώβριος|Νοέμβριος|Δεκέμβριος


Καταγραφές τύπου NOAA για Οκτώβριος 2021

MONTHLY CLIMATOLOGICAL SUMMARY for OCT. 2021 NAME: Katw Vlasia CITY: Katw Vlasia STATE: Achaia/Greece ELEV: 773 m LAT: 38° 00' 35" N LONG: 21° 55' 34" E TEMPERATURE (°C), RAIN (mm), WIND SPEED (km/hr) HEAT COOL AVG MEAN DEG DEG WIND DOM DAY TEMP HIGH TIME LOW TIME DAYS DAYS RAIN SPEED HIGH TIME DIR ------------------------------------------------------------------------------------ 1 13.1 18.3 15:00 9.3 21:40 5.2 0.0 0.0 1.0 20.9 14:20 S 2 12.3 19.7 17:00 7.7 23:10 6.0 0.1 0.0 1.0 20.9 14:40 NNE 3 12.8 22.1 16:00 6.1 5:10 6.0 0.5 0.0 1.3 22.5 16:10 NW 4 13.8 23.9 15:00 6.7 6:40 5.5 1.0 0.0 1.0 17.7 15:50 NW 5 14.3 25.1 14:00 6.3 8:10 5.3 1.3 0.0 1.6 22.5 15:30 NW 6 14.4 21.9 15:00 8.8 3:40 4.5 0.6 0.0 2.1 30.6 16:20 NW 7 14.5 19.7 12:30 11.4 5:00 3.8 0.0 12.2 0.5 16.1 10:40 SE 8 14.2 19.5 14:50 12.6 10:40 4.1 0.0 24.0 0.8 25.7 14:40 SSE 9 13.8 19.9 13:20 10.8 5:10 4.5 0.0 1.4 0.3 12.9 14:10 SE 10 15.1 21.3 15:50 10.9 1:00 3.5 0.2 18.6 1.6 37.0 19:20 SE 11 13.6 18.4 13:20 9.8 00:00 4.8 0.0 23.8 1.4 40.2 6:50 SE 12 10.5 13.6 16:50 7.3 23:00 7.8 0.0 8.8 1.4 35.4 13:00 NNW 13 11.6 15.4 15:20 7.9 8:00 6.7 0.0 1.4 0.8 17.7 12:20 NNW 14 11.3 13.6 13:20 8.4 3:40 7.0 0.0 34.0 0.5 27.4 8:20 SE 15 12.1 13.8 14:00 9.8 20:50 6.2 0.0 58.8 3.1 43.5 22:10 NNW 16 11.4 13.6 14:10 9.6 6:40 6.9 0.0 8.8 2.7 41.8 0:40 NNW 17 11.6 13.8 11:30 8.8 23:50 6.8 0.0 10.6 0.2 9.7 11:40 NW 18 10.4 17.1 13:20 5.8 6:40 5.9 0.0 0.2 0.6 16.1 15:00 NW 19 20 21 22 23 24 25 26 27 28 29 30 31 ------------------------------------------------------------------------------------- 12.8 25.1 5 5.8 18 100.3 3.7 202.6 1.2 43.5 15 SE Max >= 32.0: 0 Max <= 0.0: 0 Min <= 0.0: 0 Min <= -18.0: 0 Max Rain: 58.80 ON 15/10/21 Days of Rain: 12 (> .2 mm) 9 (> 2 mm) 4 (> 20 mm) Heat Base: 18.3 Cool Base: 18.3 Method: Integration